 highest common divisor of 592 and 824?
8
Calculate the highest common factor of 8920 and 4922056.
1784
Calculate the greatest common divisor of 68 and 36200.
4
Calculate the highest common divisor of 1054 and 44578.
62
Calculate the greatest common factor of 240 and 624.
48
What is the highest common divisor of 826 and 264628?
14
What is the highest common divisor of 1090383 and 822?
411
What is the highest common divisor of 1377 and 4860?
81
Calculate the greatest common factor of 20902 and 28.
14
Calculate the highest common divisor of 1026 and 36974.
38
What is the greatest common divisor of 10 and 5105?
5
Calculate the highest common divisor of 5016 and 50559.
57
Calculate the highest common divisor of 318802 and 2838.
946
Calculate the highest common divisor of 67485 and 360.
15
What is the greatest common factor of 5888 and 3456?
128
Calculate the highest common divisor of 246 and 312789.
123
Calculate the highest common divisor of 4648553 and 8372.
2093
Calculate the greatest common factor of 285 and 199709.
19
Calculate the greatest common factor of 11605 and 16830.
55
What is the highest common factor of 648 and 788328?
72
What is the greatest common divisor of 928660 and 8260?
1180
What is the greatest common divisor of 45991 and 10175?
407
What is the greatest common factor of 240 and 191976?
24
What is the greatest common factor of 1521 and 98189?
169
Calculate the greatest common divisor of 12 and 177252.
12
What is the highest common divisor of 108 and 6516?
36
What is the highest common factor of 16610 and 604?
302
What is the highest common factor of 30 and 157515?
15
What is the highest common factor of 77629 and 7815?
521
What is the highest common divisor of 9820 and 380?
20
What is the highest common divisor of 1695 and 1322665?
565
What is the greatest common divisor of 10682 and 2398?
218
Calculate the greatest common divisor of 228064 and 128.
32
What is the greatest common divisor of 9061 and 21879?
221
Calculate the highest common factor of 1612 and 2041.
13
Calculate the greatest common divisor of 1887074 and 2590.
518
What is the greatest common factor of 316015 and 35?
35
What is the highest common divisor of 2632336 and 266?
266
Calculate the greatest common divisor of 28671 and 2242.
19
Calculate the greatest common divisor of 210035 and 595.
595
What is the greatest common factor of 159786 and 11?
11
Calculate the greatest common factor of 1716 and 240708.
156
What is the greatest common divisor of 14 and 312242?
14
Calculate the greatest common divisor of 1326 and 816.
102
What is the greatest common factor of 26 and 3833427?
13
What is the greatest common divisor of 6291 and 22491?
27
Calculate the greatest common divisor of 890 and 370.
10
What is the greatest common factor of 2136 and 840160?
712
Calculate the highest common divisor of 30 and 2270.
10
Calculate the greatest common divisor of 268 and 8927214.
134
What is the highest common divisor of 237778 and 122?
122
What is the highest common factor of 76396 and 426?
142
What is the greatest common factor of 803768 and 1085?
217
Calculate the greatest common divisor of 4106602 and 457.
457
Calculate the greatest common factor of 4644 and 15606.
54
What is the highest common divisor of 17598 and 8694?
42
Calculate the highest common factor of 5390 and 66.
22
What is the highest common factor of 160050 and 388?
194
Calculate the highest common factor of 542857 and 63.
7
Calculate the highest common factor of 24727 and 395.
79
Calculate the highest common divisor of 74 and 79291.
37
Calculate the highest common divisor of 2755 and 509865.
95
Calculate the highest common factor of 1978430 and 10.
10
What is the greatest common divisor of 8668 and 4268?
44
Calculate the highest common factor of 232 and 2018400.
232
What is the greatest common factor of 52215 and 250455?
885
What is the greatest common factor of 14 and 57864?
2
What is the highest common divisor of 1504 and 9635?
47
What is the highest common factor of 56 and 309184?
8
What is the greatest common divisor of 350 and 59038?
14
Calculate the highest common factor of 627 and 6099.
57
Calculate the highest common factor of 828384 and 36.
12
What is the greatest common divisor of 1596415 and 695?
695
Calculate the greatest common divisor of 270 and 13095.
135
What is the highest common factor of 285 and 1555?
5
What is the highest common divisor of 480864 and 288?
96
Calculate the highest common divisor of 8320 and 33152.
128
Calculate the greatest common factor of 63679 and 2849.
77
What is the highest common divisor of 403 and 4185?
31
Calculate the greatest common divisor of 212 and 290546.
106
What is the highest common divisor of 110 and 216656?
22
What is the highest common factor of 1370 and 862415?
685
Calculate the greatest common factor of 89644 and 876.
292
What is the highest common factor of 10 and 61210?
10
What is the highest common factor of 543 and 20036157?
543
What is the greatest common divisor of 4054123 and 428?
107
What is the highest common factor of 136 and 248?
8
Calculate the highest common factor of 131550 and 150.
150
Calculate the greatest common factor of 946 and 1606.
22
What is the highest common divisor of 28969 and 295?
59
Calculate the highest common divisor of 2912 and 2178904.
728
What is the greatest common divisor of 996 and 8436?
12
Calculate the highest common factor of 9 and 12897.
9
Calculate the greatest common divisor of 5 and 4715.
5
Calculate the highest common factor of 3617667 and 743.
743
What is the greatest common divisor of 696 and 17313?
87
Calculate the highest common divisor of 6507 and 135.
27
What is the highest common divisor of 72657 and 486?
243
Calculate the greatest common divisor of 2976 and 10464.
96
Calculate the greatest common factor of 644 and 17549.
161
What is the highest common divisor of 1330 and 1290?
10
Calculate the greatest common divisor of 346962 and 11.
11
What is the greatest common factor of 1722 and 651?
21
Calculate the greatest common factor of 570352 and 7461.
829
What is the highest common divisor of 119 and 199937?
17
What is the greatest common factor of 4717 and 200072?
89
What is the highest common divisor of 2670084 and 4020?
804
Calculate the greatest common divisor of 115 and 34799.
23
Calculate the highest common divisor of 33 and 86493.
33
What is the greatest common factor of 29520 and 4715?
205
Calculate the highest common factor of 28048 and 160.
16
What is the highest common factor of 4 and 2994676?
4
What is the highest common divisor of 7705 and 1725?
115
What is the greatest common factor of 2812074 and 222?
222
What is the greatest common divisor of 1605 and 92448?
321
Calculate the greatest common factor of 51326 and 66.
22
What is the greatest common factor of 11931 and 45978?
291
What is the highest common factor of 1055 and 29?
1
Calculate the highest common divisor of 1998 and 702.
54
Calculate the highest common divisor of 5952656 and 928.
464
What is the greatest common divisor of 714 and 14382?
102
Calculate the greatest common divisor of 8374 and 30178.
158
What is the greatest common divisor of 162 and 510?
6
Calculate the highest common divisor of 27332 and 1324.
4
What is the highest common divisor of 5771 and 435?
29
What is the highest common divisor of 10553 and 346?
173
What is the greatest common divisor of 118 and 189862?
118
Calculate the greatest common factor of 1 and 3124.
1
What is the greatest common factor of 138 and 413517?
69
What is the highest common factor of 18 and 53586?
18
Calculate the highest common factor of 93721 and 833.
17
What is the greatest common divisor of 29910 and 360?
30
Calculate the greatest common divisor of 64 and 19200.
64
Calculate the highest common factor of 420 and 2835.
105
Calculate the highest common factor of 28490 and 14800.
370
Calculate the greatest common factor of 87400 and 260.
20
Calculate the greatest common divisor of 2376 and 2013.
33
What is the greatest common factor of 20 and 6947220?
20
Calculate the highest common factor of 372630 and 6.
6
Calculate the highest common factor of 654 and 50586.
6
Calculate the greatest common divisor of 9030 and 513420.
1290
Calculate the greatest common divisor of 174 and 9.
3
What is t